{"id":2,"date":"2022-01-01T00:00:00","date_gmt":"2021-12-31T23:00:00","guid":{"rendered":"http:\/\/rechtnormal.de\/?page_id=2"},"modified":"2024-03-24T17:29:31","modified_gmt":"2024-03-24T16:29:31","slug":"erreichbarkeit-in-der-pandemie","status":"publish","type":"page","link":"https:\/\/www.rechtnormal.de\/index.php\/erreichbarkeit-in-der-pandemie\/","title":{"rendered":"Erreichbarkeit w\u00e4hrend einer Pandemie"},"content":{"rendered":"\n<p>Unerh\u00f6rterweise machen Pandemien selbst vor der Rechtspflege nicht halt und befallen sogar Kanzleien, unbescholtene Anw\u00e4lte und Mitarbeiter, ja, sogar Mandanten. Das ist ersch\u00fctternd und respektlos, l\u00e4sst sich aber mit meinen M\u00f6glichkeiten absehbar nicht \u00e4ndern. Ich habe das gepr\u00fcft.<\/p>\n\n\n\n<p><strong>Wie bleiben (oder kommen) wir also in Kontakt?<\/strong><\/p>\n\n\n\n<blockquote class=\"wp-block-quote is-layout-flow wp-block-quote-is-layout-flow\">\n<p>&#8222;In Zeiten der Pandemie greife geschwind zum H\u00f6rer oder zur Tastatur.&#8220;<\/p>\n<cite>(Deutsche Volksweisheit)<\/cite><\/blockquote>\n\n\n\n<p>In der Kanzlei bin ich immer der modernsten Technik voraus, folge ihr auf dem Fu\u00dfe oder habe jedenfalls ihre Witterung aufgenommen (oder davon geh\u00f6rt) (manchmal). Meine Mandanten k\u00f6nnen daher aus dem vollen Fundus der etablierten Kommunikationsmedien sch\u00f6pfen:  <\/p>\n\n\n\n<blockquote class=\"wp-block-quote is-layout-flow wp-block-quote-is-layout-flow\">\n<p><strong>Telefon<\/strong>: 02056 9292 584 <\/p>\n\n\n\n<p><strong>E-Mail<\/strong>: kanzlei et rechtnormal punkt de (muss man heute wohl so schreiben. Machen alle.)<\/p>\n\n\n\n<p><strong>Brief<\/strong>: Beethovenstr. 14a, D-42579 Heiligenhaus<\/p>\n\n\n\n<p><strong><s>Fax<\/s><\/strong>: (aktuell ist das Thermopapier alle) (scheint nicht mehr hergestellt zu werden?)<\/p>\n<\/blockquote>\n\n\n\n<p>Nach Absprache und entsprechender Terminierung stehe ich auch kompetent mittels dieser neumodischen <strong>Videokonferenzsysteme <\/strong>zur Verf\u00fcgung &#8211; ich mache da alles m\u00f6glich, alles! <\/p>\n\n\n\n<p>Na ja. <br>Fast.    <\/p>\n","protected":false},"excerpt":{"rendered":"<p>Unerh\u00f6rterweise machen Pandemien selbst vor der Rechtspflege nicht halt und befallen sogar Kanzleien, unbescholtene Anw\u00e4lte und Mitarbeiter, ja, sogar Mandanten. Das ist ersch\u00fctternd und respektlos, l\u00e4sst sich aber mit meinen M\u00f6glichkeiten absehbar nicht \u00e4ndern. Ich habe das gepr\u00fcft. Wie bleiben (oder kommen) wir also in Kontakt? &#8222;In Zeiten der Pandemie greife geschwind zum H\u00f6rer oder [&hellip;]<\/p>\n","protected":false},"author":1,"featured_media":0,"parent":0,"menu_order":0,"comment_status":"closed","ping_status":"open","template":"","meta":{"footnotes":""},"class_list":["post-2","page","type-page","status-publish","hentry"],"_links":{"self":[{"href":"https:\/\/www.rechtnormal.de\/index.php\/wp-json\/wp\/v2\/pages\/2","targetHints":{"allow":["GET"]}}],"collection":[{"href":"https:\/\/www.rechtnormal.de\/index.php\/wp-json\/wp\/v2\/pages"}],"about":[{"href":"https:\/\/www.rechtnormal.de\/index.php\/wp-json\/wp\/v2\/types\/page"}],"author":[{"embeddable":true,"href":"https:\/\/www.rechtnormal.de\/index.php\/wp-json\/wp\/v2\/users\/1"}],"replies":[{"embeddable":true,"href":"https:\/\/www.rechtnormal.de\/index.php\/wp-json\/wp\/v2\/comments?post=2"}],"version-history":[{"count":17,"href":"https:\/\/www.rechtnormal.de\/index.php\/wp-json\/wp\/v2\/pages\/2\/revisions"}],"predecessor-version":[{"id":458,"href":"https:\/\/www.rechtnormal.de\/index.php\/wp-json\/wp\/v2\/pages\/2\/revisions\/458"}],"wp:attachment":[{"href":"https:\/\/www.rechtnormal.de\/index.php\/wp-json\/wp\/v2\/media?parent=2"}],"curies":[{"name":"wp","href":"https:\/\/api.w.org\/{rel}","templated":true}]}}